 Let h = 12 - -2. Calculate the highest common factor of h and l.
7
Let m be 20/6 + -4 - (-35)/3. Calculate the greatest common factor of m and 121.
11
Let z(x) = 14*x - 5 - x**2 - 5*x + x. Let h be z(7). What is the highest common divisor of 40 and h?
8
Suppose 0 = -t - 2*s + 2, -2*s = 2*t + 3*s - 1. Suppose -b + g - 14 = -g, -5*b + 4*g - 70 = 0. Let k = 22 + b. What is the greatest common divisor of t and k?
8
Suppose 613 = 3*k + 28. Let f = k - 96. What is the highest common divisor of f and 11?
11
Suppose 3*g = -15 + 57. Suppose 3*m = 2*b - 502, -b + 5*m = b - 506. Suppose 642 = 5*f - 3*p, 0*p + b = 2*f + p. What is the highest common factor of f and g?
14
Suppose -3*i + 257 = 2*a, -4*i + 3*a = -a - 336. Let k = 28 + -14. Let v = k + 20. Calculate the highest common factor of i and v.
17
Let p = 9 + -6. What is the highest common factor of 24 and p?
3
Suppose -j = -2*a - 1, -6*j = -3*j + 2*a - 35. Calculate the highest common divisor of 12 and j.
3
Suppose -p + 24 = 6. Let k be (-10)/((-30)/(-6))*(1 - 4). What is the highest common divisor of p and k?
6
Let s(f) = f**3 + 3*f**2 - 1. Let v be s(-3). Let l be 0 - (-7 - v*2). What is the greatest common factor of l and 20?
5
Let c(o) = 2*o**2 - 4*o - 14. Let t be c(-4). Let h(b) = 2*b**2 - 13*b + 6. Let a be h(9). What is the highest common factor of a and t?
17
Suppose 48 = 2*l + 2*l. Calculate the highest common factor of 12 and l.
12
Let n = -13 + -9. Let h = 35 + n. Calculate the greatest common factor of 13 and h.
13
Suppose -2*b = -3*g + 17, -23 + 63 = 5*g - b. Calculate the greatest common factor of g and 36.
9
Let y be (11 - -13)*1/2. What is the highest common factor of 30 and y?
6
Suppose 2*m - 4*m + t + 128 = 0, -t - 193 = -3*m. Suppose -31 = -2*q + m. Suppose 0*w - q = -4*w. Calculate the highest common factor of 18 and w.
6
Suppose -4 + 22 = 3*y + 3*l, 2 = -2*l. What is the highest common divisor of y and 70?
7
Let c = -68 + 113. What is the highest common divisor of c and 45?
45
Suppose 2*b - b - 4*g = -6, 2*b - 36 = -4*g. Suppose 0 = -j - 2*k + 4*k + b, 0 = 4*j - 2*k - 70. Calculate the greatest common factor of j and 160.
20
Let z = -24 + 37. Suppose -4*v - 3 = -7, 119 = k + 2*v. Calculate the highest common factor of z and k.
13
Let k be 27/6 - (-3)/(-6). Calculate the highest common divisor of 44 and k.
4
Let o(z) = z**3 + 6*z**2 - 9*z + 10. Suppose 0 = -2*x + 4 + 2. Let g be -7*(5 + -2)/x. Let p be o(g). Calculate the highest common divisor of 12 and p.
12
Suppose 5*p + 1 = 76. Calculate the highest common divisor of p and 30.
15
Let o be -2*(-6)/(-15)*-20. Let b = o + -10. What is the greatest common factor of b and 4?
2
Suppose 8 + 8 = -4*j. Let n = 6 + j. Suppose 0 = n*i + i - 39. Calculate the greatest common factor of i and 26.
13
Let l = 81 + -45. Calculate the highest common divisor of l and 54.
18
Let x be ((-45)/10)/(2/(-32)). What is the highest common factor of x and 48?
24
Suppose 2*d + r - 3*r = 4, -r = -2*d + 1. Let n be 1 - ((-1 - -3) + d). Suppose s + 0*s - 11 = n. Calculate the greatest common divisor of 77 and s.
11
Let u = -9 - -17. Suppose o = 4*y, 12 + 10 = 4*o - 5*y. What is the highest common factor of u and o?
8
Suppose 0 = t + 4 - 0, 3*j = -2*t + 451. Suppose -5*z = -z - 56. Suppose 5*s - z = 71. Calculate the greatest common divisor of s and j.
17
Let k = 196 + -107. Let t = -41 + k. Calculate the highest common divisor of t and 32.
16
Suppose 0 = -4*i + 6*i - 12. Suppose 0 = -z + i*z - 35. Let p be (2 - 0)/((-4)/(-98)). Calculate the greatest common factor of p and z.
7
Let k(i) = -i**3 - i**2 + i + 4. Let v be k(-2). Let t be 24/10*5/1. Calculate the highest common factor of t and v.
6
Suppose -93 = -2*q - 9. Let a = -27 + q. Let s = 2 + 1. What is the highest common factor of s and a?
3
Let h be (1/2)/(-2 + 1)*-24. Calculate the greatest common factor of 12 and h.
12
Suppose 0 = -4*s + 59 + 41. Suppose 3*u - 9 = -4*m + s, 3*m + 62 = 4*u. Calculate the greatest common divisor of 14 and u.
14
Suppose -3*c + 4*c = 2. Let w be c - 2 - -4*3. What is the highest common divisor of 72 and w?
12
Suppose -2*p + 597 = 3*s, 0*s = p - s - 306. Let b be (-1 + (-12)/(-3))*62. Let x = p - b. Calculate the highest common divisor of 13 and x.
13
Let i be -3 + 1 - (4 - 42). Calculate the highest common factor of 9 and i.
9
Let d(g) = -g**3 - 23*g**2 + 24*g + 27. Let x be d(-24). Calculate the highest common factor of x and 189.
27
Let m(l) = 12 + 0*l**3 + 4*l**2 - l - l**3 + 5*l**2. Let k be m(9). What is the highest common divisor of 24 and k?
3
Let m(a) = a**3 + 6*a**2 - 3*a - 5. Suppose -z = z + 24. Let g = z - -7. Let s be m(g). What is the greatest common divisor of s and 7?
7
Let b(c) = c**3 - 8*c**2 + 10*c - 15. Let y be b(7). Calculate the greatest common factor of y and 30.
6
Let k(w) = w**2 - w - 6. Suppose -3*t - n = -18, 3*t - t - 5*n + 5 = 0. Let h be k(t). Suppose -2 = -2*d + 2. Calculate the greatest common divisor of h and d.
2
Suppose -3*n - 45 = 2*n. Let u = n - -15. What is the highest common factor of u and 42?
6
Suppose 5*p + 5*y - 560 = 0, -p = -4*p - y + 332. What is the highest common factor of p and 10?
10
Suppose 0 = -0*u - u + 3. Suppose u*c - 54 = 12. Let g(f) = f**2 + f. Let o be g(-2). What is the highest common divisor of o and c?
2
Let d be 18/(-45) - (-34)/10. Let g(w) = 2*w**3 + 2*w**2 - w + 1. Let n be g(d). What is the highest common divisor of n and 7?
7
Let r = -323 + 491. Let w = r + -103. Suppose -5 - w = -p. Calculate the highest common divisor of p and 14.
14
Let z be (-48)/2 + 5 + -2. Let t be 400/28 - (-6)/z. Calculate the greatest common factor of 98 and t.
14
Let m(l) be the second derivative of -l**4/12 + 11*l**3/6 - 3*l**2 - 3*l. Let g be m(8). Calculate the greatest common factor of 2 and g.
2
Let u be 1/((-1)/46*-1). Let h = 361 - 338. What is the greatest common divisor of h and u?
23
Let u(w) = w**3 + w + 3. Let c(i) = i**3 + 8*i**2 + 6*i - 7. Let k be c(-7). Let x be u(k). What is the greatest common divisor of x and 9?
3
Let g = -2 + 7. Suppose -p + 10 = 4*p, g*v - 2*p - 631 = 0. Let c = -32 + v. What is the greatest common factor of c and 38?
19
Suppose -4*o + 166 = -62. Let b be 1 + -3 - (0 - 5). Suppose b*q = 5*f - o - 6, 3*f = 3*q + 39. What is the greatest common divisor of 30 and f?
6
Let x(s) = 36*s**2 + s - 2. Let o be x(-2). Suppose -o = y - 5*y. What is the highest common divisor of 105 and y?
35
Let g be 1 + ((-32)/(-20))/((-2)/(-5)). Calculate the greatest common divisor of g and 2.
1
Let d = 49 + -36. What is the highest common factor of d and 26?
13
Let u(q) be the third derivative of -q**6/60 - q**5/6 - 5*q**4/12 - 7*q**3/6 - 3*q**2. Let i be u(-6). Calculate the highest common factor of 25 and i.
25
Suppose 0 = 4*u - 236 + 8. Calculate the greatest common divisor of 57 and u.
57
Let y(l) = 7*l**2 + 4*l + 3. Let x be y(-2). Let w be ((-6440)/(-15))/(-8)*-3. Calculate the greatest common factor of w and x.
23
Suppose 4*f = 4, o = -2*o - f + 10. Suppose 21 = 5*b - 3*m, 7 = -b - 3*m - 2*m. Calculate the highest common divisor of o and b.
3
Let w(d) = d**2 + 7*d - 1. Let l be w(-8). Calculate the greatest common factor of 56 and l.
7
Let x = -91 + 127. Let i = -7 + 16. Calculate the greatest common factor of i and x.
9
Let r(f) be the first derivative of -f**2 - 2*f + 1. Suppose 16*l - 21*l = 35. Let b be r(l). Calculate the highest common divisor of 8 and b.
4
Suppose -l + 27 - 4 = 2*p, -3*p - 4*l = -42. What is the highest common divisor of p and 40?
10
Let i = -102 + 123. What is the greatest common divisor of 21 and i?
21
Suppose 5*a - 108 = -8. Let i(z) = -z**3 + 6*z**2 + z. Let k be 8 - (-1 - -2 - -2). Let n be i(k). Calculate the greatest common factor of a and n.
10
Let g(d) = -d**3 + 10*d**2 - 6*d + 5. Let t be g(8). Let j = t + -61. What is the highest common divisor of j and 120?
24
Suppose x = 2*x. Let k = x + 6. Let w(i) = 4*i - 1. Let p be w(1). Calculate the highest common factor of p and k.
3
Let g = -66 - -87. Suppose -9 = -3*x - 4*t - 0, -3*t = -3*x + 9. Calculate the highest common divisor of g and x.
3
Suppose -2*q + 5*y = -15, q + 2*y = -3*y. Suppose q = h - 7. Calculate the highest common factor of 12 and h.
12
Suppose 0 = q + 4*q + 130. Let o = q - -48. Calculate the great